the remainder when d is divided by 15.
14
Let s = 20 - 10. Calculate the remainder when 17 is divided by s.
7
Let v(x) = x - 29. Let z be v(0). Let t = z - -46. Suppose -r - 10 = -59. Calculate the remainder when r is divided by t.
15
Let c(j) be the second derivative of -j**5/20 - j**4/6 + j**3/3 + j**2/2 + 2*j. Let z be c(-2). What is the remainder when z/((4/10)/(-2)) is divided by 8?
7
Suppose 0 = 7*o - 255 - 102. Calculate the remainder when o is divided by 13.
12
Let l = -68 - -113. What is the remainder when l is divided by 17?
11
Let p(i) be the second derivative of -15*i**3/2 - 3*i. Let j be p(-1). Let r = j + -32. What is the remainder when r is divided by 7?
6
Suppose -3*m + 19 = -56. Calculate the remainder when 97 is divided by m.
22
Let h(s) = 3*s**2 + 2 + 4*s + 0*s - 2*s**2. Suppose -3*p = 6, 3*p + 4 = q + 2. What is the remainder when 4 is divided by h(q)?
0
Let p(r) = 2*r + 17. What is the remainder when 6 is divided by p(-7)?
0
Calculate the remainder when (-5838)/(-91) - 2/13 is divided by 13.
12
Let c be 1/(-2)*(-312)/6. Let z = -12 + c. Calculate the remainder when (-14 - -2)*(-20)/6 is divided by z.
12
Let f(q) = -q**3 + 6*q**2 + 3*q - 4. What is the remainder when 53 is divided by f(6)?
11
Suppose -4*v = 4*r + 16, 2*v - 3*r - 4 = 8. Suppose -2*s + 67 - 23 = v. Calculate the remainder when s is divided by 12.
10
Let t(n) = 12*n + 2. Let o be t(4). Suppose -2*b + o = 3*b. What is the remainder when 38 is divided by b?
8
Let l(y) = -y**2 + 19. Let i(v) = v + 1. Let q be i(-2). Let x be (1 + q)/((-1)/(-1)). Calculate the remainder when 37 is divided by l(x).
18
Suppose -4*w + 155 = 5*d, 4*w - 50 = -2*d - 0*w. Suppose -5*k + 27 = -2*k. What is the remainder when d is divided by k?
8
Let i(x) = 6*x - 12. What is the remainder when 70 is divided by i(6)?
22
Suppose -6 = h - 4*h. Calculate the remainder when (h + -42 + 3)/(-1) is divided by 20.
17
Let k(q) = -q + 6. Suppose 0 = 3*i - 38 - 22. What is the remainder when i is divided by k(-5)?
9
Let k be -3*(-4)/6*-1. Let q = 61 + -38. What is the remainder when k/(-4)*-2 + q is divided by 12?
10
Suppose 6*h + h = 224. Suppose -5*a + 78 = -h. Calculate the remainder when 2/(-4)*-2 - -64 is divided by a.
21
Let l = -113 + 149. Calculate the remainder when 213 is divided by l.
33
Calculate the remainder when 1 - (24 + 0)/(-2) is divided by (35/20)/((-1)/(-4)).
6
Let g = 5 - -33. Calculate the remainder when g is divided by 10.
8
Let b = 645 + -949. What is the remainder when 49 is divided by (-1)/(-3) - b/24?
10
Suppose -50*p + 53*p = 30. Calculate the remainder when p is divided by 50/8 + (-2)/8.
4
Let z = 2 - -1. Suppose 0 = -0*q + z*q - 30. Calculate the remainder when 19 is divided by q.
9
What is the remainder when 21 is divided by (4 + -7)*(-1 - (-20)/(-15))?
0
Let q be 3 - 2 - 2*-2. Suppose -24 = -i - q*b, i = 6*i - 5*b. Suppose 2*s - 4*w - 89 + 7 = 0, -w - 150 = -i*s. What is the remainder when s is divided by 13?
11
Let x = 6 + -3. Suppose 5*s = 5*l, -3*s + 7*l = x*l. Suppose 4*q + 4*h + 1 - 45 = s, -19 = q - 5*h. Calculate the remainder when q is divided by 4.
2
Let g = 57 + -42. Calculate the remainder when 41 is divided by g.
11
Let q(d) = d + 7. Suppose -5*t - 4 - 6 = 0. Let l = t + 4. What is the remainder when l is divided by q(-5)?
0
Suppose -4*l - 127 = 61. Let n = l - -69. Calculate the remainder when 65 is divided by n.
21
Suppose 5*k = -18 - 17. Let t = 5 + k. Calculate the remainder when 35 is divided by (-27)/t*4/6.
8
Suppose 0 = 4*t - i - 18, -t + i = t - 8. Let r = t - -20. Calculate the remainder when r is divided by 7.
4
Let k = -50 + 78. What is the remainder when k is divided by (18/(-63))/((-1)/35)?
8
Let j = 68 + -10. What is the remainder when j is divided by 21?
16
Suppose -2*m = 4*m - 108. Calculate the remainder when 45 is divided by m.
9
Let g = 33 + -21. What is the remainder when g is divided by 11?
1
What is the remainder when 23 is divided by (-4)/((-60)/(-65))*-3?
10
Let a = -15 - -19. Calculate the remainder when 5 is divided by a.
1
Let m(u) = 3*u - 1. What is the remainder when 27 is divided by m(5)?
13
Let a(j) = 19*j**3 - 2*j**2 + 2*j - 1. Suppose -1 + 0 = -g. What is the remainder when 53 is divided by a(g)?
17
Let t(l) = l**2 + 2*l. Let p be t(-2). Let o(c) = p*c - 2 + 6*c + c. What is the remainder when o(8) is divided by 14?
12
Suppose -7*y - y + 16 = 0. Suppose 0 = -2*u - u + 3. Calculate the remainder when y is divided by u.
0
Let n(v) = 2*v**2 + 3*v - 6. Calculate the remainder when n(-4) is divided by 6.
2
Suppose -3*o + 47 = 8. Let l = -4 + -7. Let p = -3 - l. What is the remainder when o is divided by p?
5
Let z = -5 + 10. Let k = 35 + -22. What is the remainder when k is divided by z?
3
Suppose -2*f = f - 30. Let g = -18 - -34. Let i = g - 10. Calculate the remainder when f is divided by i.
4
Suppose 0*r = -10*r + 410. What is the remainder when r is divided by 15?
11
Let a(x) = -6*x - 2. Let l(d) = 3*d + 1. Let u(h) = -3*a(h) - 7*l(h). Let g = 19 + -11. Calculate the remainder when g is divided by u(-2).
3
Calculate the remainder when (25*3 + 2)*1 is divided by ((-52)/6)/(-2*(-2)/(-6)).
12
Suppose 0 = 2*z - 2*l - 18, 5*z + 2*l - 3*l - 57 = 0. What is the remainder when 8/44 - ((-916)/44 + -2) is divided by z?
11
Let k = -59 + 60. Calculate the remainder when 3 is divided by k.
0
Let w = 18 + -8. What is the remainder when w is divided by 3/3 + (1 - -2)?
2
Suppose -3*c + 6*c = 69. Calculate the remainder when 45 is divided by c.
22
Suppose o + 7 = -0. Let t(a) = -7*a + 1. Calculate the remainder when t(o) is divided by 17.
16
Let y = -51 - -19. Let p = 60 + y. Suppose -4*q + 26 = 3*i, -i = -0*i - 5*q - 15. Calculate the remainder when p is divided by i.
8
Let d(q) = q + 5. Let j be d(0). Suppose -2*m = -f - 38, j*m = 4*m + 4*f + 19. What is the remainder when 56 is divided by m?
18
Let m(q) = -q**2 + 8*q + 46. Suppose -96 = -3*d - d. Let o = d + -10. Calculate the remainder when m(10) is divided by o.
12
Suppose 35 = -0*x + 5*x. Let j(d) = d**2 - 4*d - 5. What is the remainder when j(x) is divided by 9?
7
Let v(a) = a - 2. Let i be v(5). Let y = i - 3. Suppose u + y*u = 15. What is the remainder when u is divided by 8?
7
Suppose 1 = 4*k - 11. Suppose -k = -f - 1. Let a(l) = 4*l**2 - l + 2. What is the remainder when 30 is divided by a(f)?
14
Suppose -f + 0*f = -13. Let r(l) = 2 + l + 2*l - 3. Calculate the remainder when r(13) is divided by f.
12
Let f(q) = q**2 - q + 85. Let i be f(0). Suppose 2*g - 49 = i. What is the remainder when g is divided by 23?
21
Let n(g) = -g**3 + 9*g**2 - 7*g + 3. Calculate the remainder when n(8) is divided by 3.
2
Suppose 0 = -4*h + h + 138. Suppose 0 = -7*i + 5*i + 28. Let l = 30 - i. What is the remainder when h is divided by l?
14
Let h(m) = -2*m + 6. Let s be h(4). Let n = 5 + s. Let t(c) = 3*c**2 - 1. Calculate the remainder when n is divided by t(1).
1
Let s = 5 + -1. Let k = s - -10. Calculate the remainder when k is divided by 8.
6
Suppose -4*x = 3*y - 22, 2*y + 7*x - 2*x - 17 = 0. What is the remainder when y is divided by 3?
0
Let h = -11 + 8. Let a = 8 + h. What is the remainder when 17 is divided by a?
2
Let l = 21 + -16. Suppose -l*x + 396 = -2*u, -5*u = 6*x - 4*x - 141. Calculate the remainder when x is divided by 16.
14
Let y(q) = 2*q - 3. Let i be y(6). Let v(l) = -l + 14. Calculate the remainder when 8 is divided by v(i).
3
Let y(r) = -r**2 - 5*r - 3. Suppose -3*b + 0*b = -12. Let a = b + 1. What is the remainder when a is divided by y(-3)?
2
Let q be 5730/(-75) + 3/(-5). Calculate the remainder when 25 is divided by (-517)/q + 4/14.
4
Suppose -8*u + 3*u + 5 = 0. Let l = u - -3. Suppose -9 = l*s - 133. What is the remainder when s is divided by 8?
7
Let g(r) = r**3 + 32*r**2 + 26*r - 61. Calculate the remainder when g(-31) is divided by 19.
18
Suppose 0 = -2*i + 4*i - 66. Calculate the remainder when 61 is divided by (i - (2 + 0)) + 0.
30
Suppose 4*g - g + 15 = 0, -5*g - 103 = -2*s. What is the remainder when 232 is divided by s?
37
Suppose 0*j = -j + 159. Calculate the remainder when j is divided by 40.
39
Let q(w) be the first derivative of w**3/3 + 5*w**2 - 13*w - 1. What is the remainder when 32 is divided by q(-12)?
10
Let a(p) be the first derivative of p**3/3 + p**2/2